{"id":107,"date":"2021-09-14T07:55:55","date_gmt":"2021-09-14T07:55:55","guid":{"rendered":"https:\/\/www.casa-padilla.com\/?page_id=107"},"modified":"2023-08-10T17:39:13","modified_gmt":"2023-08-10T17:39:13","slug":"nosotros","status":"publish","type":"page","link":"https:\/\/www.casa-padilla.com\/index.php\/nosotros\/","title":{"rendered":"Nosotros"},"content":{"rendered":"<p>[vc_section css=&#8221;.vc_custom_1687990035911{margin-top: -50px !important;border-bottom-width: 1px !important;background-image: url(https:\/\/www.casa-padilla.com\/wp-content\/uploads\/2023\/06\/NOSOTROS-min.png?id=4062) !important;background-position: center !important;background-repeat: no-repeat !important;background-size: cover !important;border-bottom-style: solid !important;}&#8221;][vc_row css=&#8221;.vc_custom_1688051496820{background-image: url(https:\/\/www.casa-padilla.com\/wp-content\/uploads\/2023\/06\/NOSOTROS-min.webp?id=4167) !important;}&#8221;][vc_column]<div  class=\"wpb_content_element   clearfix\"><style type=\"text\/css\">#ut_am_69e3ad211b5c4 { opacity: 1; }#ut_am_wrap_69e3ad211b5c5 .ut-image-gallery-item-caption-title h3 { letter-spacing: 0em; }#ut_am_wrap_69e3ad211b5c5 .ut-gallery-slider-caption { font-weight: bold; }#ut_am_wrap_69e3ad211b5c5 { text-align: center; }@media (min-width: 768px) and (max-width: 1024px) { #ut_am_wrap_69e3ad211b5c5 { text-align: center !important; } }@media (max-width: 767px) { #ut_am_wrap_69e3ad211b5c5 { text-align: center !important; } }<\/style><div id=\"ut_am_wrap_69e3ad211b5c5\" class=\"ut-image-gallery-image \"><div id=\"ut_reveal_69e3ad211b5c6\"  data-appear-top-offset=\"auto\" class=\"ut-animated-image-item ut-image-gallery-item ut-animation-done \"><a class=\"ut-deactivated-link\" href=\"#\"><div class=\"ut-animated-image-zoom\"><img class=\"ut-lazy skip-lazy ut-animated-image \"  id=\"ut_am_69e3ad211b5c4\" src=\"data:image\/svg+xml;charset=utf-8,%3Csvg xmlns%3D'http%3A%2F%2Fwww.w3.org%2F2000%2Fsvg' viewBox%3D'0 0 1240 306'%2F%3E\" data-src=\"https:\/\/www.casa-padilla.com\/wp-content\/uploads\/2023\/08\/TITULOS-WEB-07.webp\" width=\"1240\" height=\"306\" alt=\"\"\/><\/div><\/a><\/div><\/div><\/div>[vc_column_text]<\/p>\n<p style=\"text-align: center;\"><span style=\"color: #ffffff;\">Antonio Padilla Hern\u00e1ndez vivi\u00f3 un tiempo en la Ciudad de M\u00e9xico siendo el gerente de una f\u00e1brica de hules en la colonia An\u00e1huac, Cd. De M\u00e9xico. Tiempo despu\u00e9s decidi\u00f3 independizarse y se traslad\u00f3 a la ciudad de Guadalajara donde comenz\u00f3 la fabricaci\u00f3n de empaques para plomer\u00eda y ferreter\u00eda, <\/span><\/p>\n<p style=\"text-align: center;\"><span style=\"color: #ffffff;\">En 1967 el Sr. Antonio Padilla Hern\u00e1ndez fundo la compa\u00f1\u00eda comenzando con la compra venta de hules automotrices y posteriormente la fabricaci\u00f3n de piezas de la l\u00ednea automotriz en hule, ese mismo a\u00f1o decidi\u00f3 inaugurar \u201cLA CASA DE HULES\u201d en la Av. Revoluci\u00f3n #42 en Guadalajara Jalisco, \u00a1la primera casa de hules en la ciudad!<\/span><\/p>\n<p>[\/vc_column_text][\/vc_column][\/vc_row][\/vc_section][vc_row][vc_column width=&#8221;1\/2&#8243;][vc_empty_space][vc_column_text]En el a\u00f1o de 1973 amplio sus actividades, iniciando la fabricaci\u00f3n de piezas automotrices por medio de inyecci\u00f3n de pl\u00e1stico.<\/p>\n<p>Sr. Antonio Padilla Hern\u00e1ndez falleci\u00f3 en el mes de febrero de 1982, tras su fallecimiento, su hijo Oscar Padilla Gonz\u00e1lez continuo con el negocio familiar hasta 1992 fecha que tras las explosiones del 22 de abril se dio el cierre de actividades de la casa de hules, pero continuando con la inyecci\u00f3n de piezas automotrices convirti\u00e9ndose en la actividad principal de la empresa. que se convertir\u00eda en lo que actualmente es \u201cCASA PADILLA\u201d una empresa l\u00edder y con m\u00e1s de 50 a\u00f1os de experiencia en la fabricaci\u00f3n de repuestos automotrices de pl\u00e1stico en la l\u00ednea de suspensi\u00f3n. Teniendo presencia en toda la rep\u00fablica mexicana.<\/p>\n<p>Actualmente bajo la direcci\u00f3n de sus hijos la empresa\u201d CASA PADILLA\u201d sigue innovando y desarrollando nuevos productos y posicion\u00e1ndose como una de las empresas l\u00edderes en el mercado mexicano[\/vc_column_text][\/vc_column][vc_column width=&#8221;1\/2&#8243;]<div  class=\"wpb_content_element   clearfix\"><style type=\"text\/css\">#ut_am_69e3ad211bd8c { opacity: 1; }#ut_am_wrap_69e3ad211bd8d .ut-image-gallery-item-caption-title h3 { letter-spacing: 0em; }#ut_am_wrap_69e3ad211bd8d .ut-gallery-slider-caption { font-weight: bold; }#ut_am_wrap_69e3ad211bd8d { text-align: center; }@media (min-width: 768px) and (max-width: 1024px) { #ut_am_wrap_69e3ad211bd8d { text-align: center !important; } }@media (max-width: 767px) { #ut_am_wrap_69e3ad211bd8d { text-align: center !important; } }<\/style><div id=\"ut_am_wrap_69e3ad211bd8d\" class=\"ut-image-gallery-image \"><div id=\"ut_reveal_69e3ad211bd8e\"  data-appear-top-offset=\"auto\" class=\"ut-animated-image-item ut-image-gallery-item ut-animation-done \"><a class=\"ut-deactivated-link\" href=\"#\"><div class=\"ut-animated-image-zoom\"><img class=\"ut-lazy skip-lazy ut-animated-image \"  id=\"ut_am_69e3ad211bd8c\" src=\"data:image\/svg+xml;charset=utf-8,%3Csvg xmlns%3D'http%3A%2F%2Fwww.w3.org%2F2000%2Fsvg' viewBox%3D'0 0 400 525'%2F%3E\" data-src=\"https:\/\/www.casa-padilla.com\/wp-content\/uploads\/2023\/06\/INICIO2-min-400x525.webp\" width=\"400\" height=\"525\" alt=\"\"\/><\/div><\/a><\/div><\/div><\/div>[\/vc_column][\/vc_row][vc_row css=&#8221;.vc_custom_1691620576639{background-color: #efefef !important;background-position: center !important;background-repeat: no-repeat !important;background-size: cover !important;}&#8221;][vc_column][vc_empty_space height=&#8221;20px&#8221;]<div  class=\"wpb_content_element   clearfix\"><style type=\"text\/css\">#ut_am_69e3ad211c560 { opacity: 1; }#ut_am_wrap_69e3ad211c562 .ut-image-gallery-item-caption-title h3 { letter-spacing: 0em; }#ut_am_wrap_69e3ad211c562 .ut-gallery-slider-caption { font-weight: bold; }#ut_am_wrap_69e3ad211c562 { text-align: center; }@media (min-width: 768px) and (max-width: 1024px) { #ut_am_wrap_69e3ad211c562 { text-align: center !important; } }@media (max-width: 767px) { #ut_am_wrap_69e3ad211c562 { text-align: center !important; } }<\/style><div id=\"ut_am_wrap_69e3ad211c562\" class=\"ut-image-gallery-image \"><div id=\"ut_reveal_69e3ad211c563\"  data-appear-top-offset=\"auto\" class=\"ut-animated-image-item ut-image-gallery-item ut-animation-done \"><a class=\"ut-deactivated-link\" href=\"#\"><div class=\"ut-animated-image-zoom\"><img class=\"ut-lazy skip-lazy ut-animated-image \"  id=\"ut_am_69e3ad211c560\" src=\"data:image\/svg+xml;charset=utf-8,%3Csvg xmlns%3D'http%3A%2F%2Fwww.w3.org%2F2000%2Fsvg' viewBox%3D'0 0 5167 1276'%2F%3E\" data-src=\"https:\/\/www.casa-padilla.com\/wp-content\/uploads\/2023\/08\/productos-recomendados.webp\" width=\"5167\" height=\"1276\" alt=\"\"\/><\/div><\/a><\/div><\/div><\/div>[vc_column_text]<\/p>\n<p style=\"text-align: center;\">\n\t\t\n\t\t<div\n\t\tclass=\"wpcu-products wpcu-theme_1 wpcu-lazy-load wpcu-carousel\"\n\t\tstyle=\"\n\t\t\t--wpcu-productTitleSize: 16px;\n\t\t\t--wpcu-productTitleColor: #363940;\n\t\t\t--wpcu-productTitleColorHover: #ff5500;\n\t\t\t--wpcu-productPriceSize: 14px;\n\t\t\t--wpcu-productPriceColor: #ff5500;\n\t\t\t--wpcu-productRatingSize: 16px;\n\t\t\t--wpcu-productRatingColor: #FEB507;\n\t\t\t--wpcu-buttonColor: #ffffff;\n\t\t\t--wpcu-buttonColorHover: #ffffff;\n\t\t\t--wpcu-buttonBgColor: #ff5500;\n\t\t\t--wpcu-buttonBgColorHover: #ff5500;\n\t\t\t--wpcu-ribbonBgColor: #ff5500;\n\t\t\t--wpcu-qvIconColor: #ffffff;\n\t\t\t--wpcu-qvBgColor: #ff5500;\n\t\t\"\n\t\t\t\tdata-wpcu-items=\"4\"\n\t\tdata-wpcu-margin=\"30\"\n\t\tdata-wpcu-loop=\"true\"\n\t\tdata-wpcu-perslide=\"1\"\n\t\tdata-wpcu-speed=\"4000\"\n\t\tdata-wpcu-autoplay='\n\t\t\t\t{\n\t\t\t\"delay\": \"2000\",\n\t\t\t\"pauseOnMouseEnter\": true,\n\t\t\t\"disableOnInteraction\": false,\n\t\t\t\"stopOnLastSlide\": true\n\t\t}\n\t\t\t\t'\n\t\tdata-wpcu-responsive='{\n\t\t\t\"0\": {\"slidesPerView\": \"2\", \"spaceBetween\": \"20\"},\n\t\t\t\"768\": {\"slidesPerView\": \"3\", \"spaceBetween\": \"30\"},\n\t\t\t\"992\": {\"slidesPerView\": \"3\", \"spaceBetween\": \"30\"},\n\t\t\t\"1200\": {\"slidesPerView\": \"4\", \"spaceBetween\": \"30\"}\n\t\t}'\n\t\t\t\t>\n\t\t\t\t<div class=\"swiper-wrapper\">\n\t\t<div class=\"wpcu-product swiper-slide\">\n    <div class=\"wpcu-product__content\">\n        <div class=\"wpcu-product__img\">\n            <a href=\"https:\/\/www.casa-padilla.com\/index.php\/product\/juego-de-buje-para-tirante-ford-8295\/\">\n                <img src=\"https:\/\/www.casa-padilla.com\/wp-content\/uploads\/2023\/05\/TIRF8295-1-500x500.png\" alt=\"JUEGO DE BUJE PARA TIRANTE FORD 8295\">\n            <\/a>\n\n            \n            \n            \n            \n                        <div class=\"wpcu-overlay-content-bottom\">\n                <div class=\"wpcu-button\">\n                    <p class=\"product woocommerce add_to_cart_inline \" style=\"border:4px solid #ccc;padding: 12px\"><\/p>                <\/div>\n            <\/div>\n                    <\/div>\n        <div class=\"wpcu-product__details\">\n                        <h2 class=\"wpcu-product__title\"><a href=\"https:\/\/www.casa-padilla.com\/index.php\/product\/juego-de-buje-para-tirante-ford-8295\/\">JUEGO DE BUJE PARA TIRANTE FORD 8295<\/a><\/h2>\n                                    <div class=\"wpcu-product__price\">\n\n                <span class=\"wpcu-product__price__sale\"><\/span>\n\n                \n            <\/div>\n            \n                    <\/div>\n    <\/div>\n<\/div><!-- ends: .wpcu-product -->\n\n<div class=\"wpcu-product swiper-slide\">\n    <div class=\"wpcu-product__content\">\n        <div class=\"wpcu-product__img\">\n            <a href=\"https:\/\/www.casa-padilla.com\/index.php\/product\/juego-de-buje-para-tirante-ranger-8509\/\">\n                <img src=\"https:\/\/www.casa-padilla.com\/wp-content\/uploads\/2023\/05\/TIRF8509-1-500x500.png\" alt=\"JUEGO DE BUJE PARA TIRANTE RANGER 8509\">\n            <\/a>\n\n            \n            \n            \n            \n                        <div class=\"wpcu-overlay-content-bottom\">\n                <div class=\"wpcu-button\">\n                    <p class=\"product woocommerce add_to_cart_inline \" style=\"border:4px solid #ccc;padding: 12px\"><\/p>                <\/div>\n            <\/div>\n                    <\/div>\n        <div class=\"wpcu-product__details\">\n                        <h2 class=\"wpcu-product__title\"><a href=\"https:\/\/www.casa-padilla.com\/index.php\/product\/juego-de-buje-para-tirante-ranger-8509\/\">JUEGO DE BUJE PARA TIRANTE RANGER 8509<\/a><\/h2>\n                                    <div class=\"wpcu-product__price\">\n\n                <span class=\"wpcu-product__price__sale\"><\/span>\n\n                \n            <\/div>\n            \n                    <\/div>\n    <\/div>\n<\/div><!-- ends: .wpcu-product -->\n\n<div class=\"wpcu-product swiper-slide\">\n    <div class=\"wpcu-product__content\">\n        <div class=\"wpcu-product__img\">\n            <a href=\"https:\/\/www.casa-padilla.com\/index.php\/product\/juego-de-buje-para-tirante-camioneta-nissan-200\/\">\n                <img src=\"https:\/\/www.casa-padilla.com\/wp-content\/uploads\/2023\/05\/TIRNIS-1-500x500.png\" alt=\"JUEGO DE BUJE PARA TIRANTE CAMIONETA NISSAN 200\">\n            <\/a>\n\n            \n            \n            \n            \n                        <div class=\"wpcu-overlay-content-bottom\">\n                <div class=\"wpcu-button\">\n                    <p class=\"product woocommerce add_to_cart_inline \" style=\"border:4px solid #ccc;padding: 12px\"><\/p>                <\/div>\n            <\/div>\n                    <\/div>\n        <div class=\"wpcu-product__details\">\n                        <h2 class=\"wpcu-product__title\"><a href=\"https:\/\/www.casa-padilla.com\/index.php\/product\/juego-de-buje-para-tirante-camioneta-nissan-200\/\">JUEGO DE BUJE PARA TIRANTE CAMIONETA NISSAN 200<\/a><\/h2>\n                                    <div class=\"wpcu-product__price\">\n\n                <span class=\"wpcu-product__price__sale\"><\/span>\n\n                \n            <\/div>\n            \n                    <\/div>\n    <\/div>\n<\/div><!-- ends: .wpcu-product -->\n\n<div class=\"wpcu-product swiper-slide\">\n    <div class=\"wpcu-product__content\">\n        <div class=\"wpcu-product__img\">\n            <a href=\"https:\/\/www.casa-padilla.com\/index.php\/product\/juego-de-buje-para-tirante-camioneta-toyota-100\/\">\n                <img src=\"https:\/\/www.casa-padilla.com\/wp-content\/uploads\/2023\/05\/TIRTOY-1-500x500.png\" alt=\"JUEGO DE BUJE PARA TIRANTE CAMIONETA TOYOTA 100\">\n            <\/a>\n\n            \n            \n            \n            \n                        <div class=\"wpcu-overlay-content-bottom\">\n                <div class=\"wpcu-button\">\n                    <p class=\"product woocommerce add_to_cart_inline \" style=\"border:4px solid #ccc;padding: 12px\"><\/p>                <\/div>\n            <\/div>\n                    <\/div>\n        <div class=\"wpcu-product__details\">\n                        <h2 class=\"wpcu-product__title\"><a href=\"https:\/\/www.casa-padilla.com\/index.php\/product\/juego-de-buje-para-tirante-camioneta-toyota-100\/\">JUEGO DE BUJE PARA TIRANTE CAMIONETA TOYOTA 100<\/a><\/h2>\n                                    <div class=\"wpcu-product__price\">\n\n                <span class=\"wpcu-product__price__sale\"><\/span>\n\n                \n            <\/div>\n            \n                    <\/div>\n    <\/div>\n<\/div><!-- ends: .wpcu-product -->\n\n<div class=\"wpcu-product swiper-slide\">\n    <div class=\"wpcu-product__content\">\n        <div class=\"wpcu-product__img\">\n            <a href=\"https:\/\/www.casa-padilla.com\/index.php\/product\/juego-de-buje-para-tirante-honda-accord\/\">\n                <img src=\"https:\/\/www.casa-padilla.com\/wp-content\/uploads\/2023\/05\/TIRACCORD-1-500x500.png\" alt=\"JUEGO DE BUJE PARA TIRANTE HONDA ACCORD\">\n            <\/a>\n\n            \n            \n            \n            \n                        <div class=\"wpcu-overlay-content-bottom\">\n                <div class=\"wpcu-button\">\n                    <p class=\"product woocommerce add_to_cart_inline \" style=\"border:4px solid #ccc;padding: 12px\"><\/p>                <\/div>\n            <\/div>\n                    <\/div>\n        <div class=\"wpcu-product__details\">\n                        <h2 class=\"wpcu-product__title\"><a href=\"https:\/\/www.casa-padilla.com\/index.php\/product\/juego-de-buje-para-tirante-honda-accord\/\">JUEGO DE BUJE PARA TIRANTE HONDA ACCORD<\/a><\/h2>\n                                    <div class=\"wpcu-product__price\">\n\n                <span class=\"wpcu-product__price__sale\"><\/span>\n\n                \n            <\/div>\n            \n                    <\/div>\n    <\/div>\n<\/div><!-- ends: .wpcu-product -->\n\n\n\t\t\t<\/div>\n\t\t\t<!-- If we need navigation buttons -->\n<div class=\"wpcu-carousel-nav wpcu-carousel-nav--bottom-right\" style=\"\n  --wpcu-navArrowColor: #9192a3;\n  --wpcu-navArrowColorHover: #9192a3;\n  --wpcu-navBgColor: #000000;\n  --wpcu-navBgColorHover: #ffffff;\n  --wpcu-navBorderColor: #e4e4ed;\n  --wpcu-navBorderColorHover: #000000;\n\">\n    <div class=\"wpcu-carousel-nav__btn wpcu-carousel-nav__btn--prev\">\n        <svg xmlns=\"http:\/\/www.w3.org\/2000\/svg\" xmlns:xlink=\"http:\/\/www.w3.org\/1999\/xlink\" width=\"6\" height=\"100%\" preserveAspectRatio=\"xMidYMid meet\" viewBox=\"0 0 576 1024\" style=\"-ms-transform: rotate(360deg); -webkit-transform: rotate(360deg); transform: rotate(360deg);\"><path d=\"M528 0q14 0 24 10q4 3 6 7t3 8.5t1 9t-1 8.5t-3 8t-6 8L96 515l450 450q6 6 8.5 15t0 18t-8.5 15q-10 10-24.5 10t-24.5-10L23 539q-10-10-10-24t10-24L504 10q10-10 24-10z\"\/><rect x=\"0\" y=\"0\" width=\"576\" height=\"1024\" fill=\"rgba(0, 0, 0, 0)\" \/><\/svg>\n    <\/div>\n    <div class=\"wpcu-carousel-nav__btn wpcu-carousel-nav__btn--next\">\n        <svg xmlns=\"http:\/\/www.w3.org\/2000\/svg\" xmlns:xlink=\"http:\/\/www.w3.org\/1999\/xlink\" width=\"6\" height=\"100%\" preserveAspectRatio=\"xMidYMid meet\" viewBox=\"0 0 576 1024\" style=\"-ms-transform: rotate(360deg); -webkit-transform: rotate(360deg); transform: rotate(360deg);\"><path d=\"M48 1023q-14 0-24.5-10T13 989t10-24l457-457L30 59q-6-7-8.5-16t0-17.5T30 10Q40 0 54.5 0T79 10l473 474q5 5 7.5 11.5t2.5 13t-2.5 12.5t-7.5 11L72 1013q-5 5-11.5 7.5T48 1023z\"\/><rect x=\"0\" y=\"0\" width=\"576\" height=\"1024\" fill=\"rgba(0, 0, 0, 0)\" \/><\/svg>\n    <\/div>\n<\/div>\n\n\t\t\t \t\t<\/div><!-- ends: .wpcu-products -->\n\t\t\t\t<\/p>\n<p>[\/vc_column_text][\/vc_column][\/vc_row]<\/p>\n","protected":false},"excerpt":{"rendered":"<p>[vc_section css=&#8221;.vc_custom_1687990035911{margin-top: -50px !important;border-bottom-width: 1px !important;background-image: url(https:\/\/www.casa-padilla.com\/wp-content\/uploads\/2023\/06\/NOSOTROS-min.png?id=4062) !important;background-position: center !important;background-repeat: no-repeat !important;background-size: cover !important;border-bottom-style: solid !important;}&#8221;][vc_row css=&#8221;.vc_custom_1688051496820{background-image: url(https:\/\/www.casa-padilla.com\/wp-content\/uploads\/2023\/06\/NOSOTROS-min.webp?id=4167) !important;}&#8221;][vc_column][vc_column_text] Antonio Padilla Hern\u00e1ndez vivi\u00f3 un tiempo en la Ciudad de M\u00e9xico siendo el gerente de una f\u00e1brica de hules en la colonia An\u00e1huac, Cd. De M\u00e9xico. Tiempo despu\u00e9s decidi\u00f3 independizarse y se traslad\u00f3 a la ciudad [&hellip;]<\/p>\n","protected":false},"author":3,"featured_media":0,"parent":0,"menu_order":0,"comment_status":"closed","ping_status":"closed","template":"","meta":{"_joinchat":[]},"_links":{"self":[{"href":"https:\/\/www.casa-padilla.com\/index.php\/wp-json\/wp\/v2\/pages\/107"}],"collection":[{"href":"https:\/\/www.casa-padilla.com\/index.php\/wp-json\/wp\/v2\/pages"}],"about":[{"href":"https:\/\/www.casa-padilla.com\/index.php\/wp-json\/wp\/v2\/types\/page"}],"author":[{"embeddable":true,"href":"https:\/\/www.casa-padilla.com\/index.php\/wp-json\/wp\/v2\/users\/3"}],"replies":[{"embeddable":true,"href":"https:\/\/www.casa-padilla.com\/index.php\/wp-json\/wp\/v2\/comments?post=107"}],"version-history":[{"count":28,"href":"https:\/\/www.casa-padilla.com\/index.php\/wp-json\/wp\/v2\/pages\/107\/revisions"}],"predecessor-version":[{"id":5827,"href":"https:\/\/www.casa-padilla.com\/index.php\/wp-json\/wp\/v2\/pages\/107\/revisions\/5827"}],"wp:attachment":[{"href":"https:\/\/www.casa-padilla.com\/index.php\/wp-json\/wp\/v2\/media?parent=107"}],"curies":[{"name":"wp","href":"https:\/\/api.w.org\/{rel}","templated":true}]}}