{"id":6196,"date":"2023-09-11T17:28:07","date_gmt":"2023-09-11T17:28:07","guid":{"rendered":"https:\/\/www.casa-padilla.com\/?post_type=product&#038;p=6196"},"modified":"2024-02-14T22:30:42","modified_gmt":"2024-02-14T22:30:42","slug":"goma-de-barra-estabilizadora-suzuki-baleno-delantera-21-23","status":"publish","type":"product","link":"https:\/\/www.casa-padilla.com\/index.php\/product\/goma-de-barra-estabilizadora-suzuki-baleno-delantera-21-23\/","title":{"rendered":"GOMA DE BARRA ESTABILIZADORA SUZUKI BALENO DELANTERA 21-23\u2019"},"content":{"rendered":"<p>GOMA DE BARRA ESTABILIZADORA SUZUKI BALENO<br \/>\nDELANTERA 21-23\u2019<\/p>\n<table>\n<tbody>\n<tr>\n<td width=\"114\"><strong>Di:<\/strong> 18.25mm<br \/>\n<strong>H:<\/strong> 35.28mm<\/td>\n<td width=\"108\"><strong>L:<\/strong> 46.33mm<br \/>\n<strong>An:<\/strong> 31.87mm<\/td>\n<\/tr>\n<\/tbody>\n<\/table>\n<table>\n<tbody>\n<tr>\n<td width=\"269\"><strong>Marca:<\/strong> SUZUKI | <strong>Modelo:\u00a0<\/strong>BALENO<\/p>\n<p><strong>Motor: <\/strong>&#8211; |\u00a0<strong>Litros:<\/strong>\u00a0&#8211;<\/p>\n<p><strong>Posici\u00f3n:<\/strong> DELANTERA<\/p>\n<p><strong>Especificaci\u00f3n: &#8211;<\/strong><\/p>\n<p><strong>A\u00f1o:<\/strong> 2021-2023<\/td>\n<\/tr>\n<\/tbody>\n<\/table>\n<table width=\"235\">\n<tbody>\n<tr>\n<td width=\"137\">BASUZUD23<\/td>\n<td width=\"97\">8439009<\/td>\n<\/tr>\n<\/tbody>\n<\/table>\n","protected":false},"excerpt":{"rendered":"<p>GOMA DE BARRA ESTABILIZADORA SUZUKI BALENO DELANTERA 21-23\u2019 Di: 18.25mm H: 35.28mm L: 46.33mm An: 31.87mm Marca: SUZUKI | Modelo:\u00a0BALENO Motor: &#8211; |\u00a0Litros:\u00a0&#8211; Posici\u00f3n: DELANTERA Especificaci\u00f3n: &#8211; A\u00f1o: 2021-2023 BASUZUD23 8439009<\/p>\n","protected":false},"featured_media":6197,"comment_status":"closed","ping_status":"closed","template":"","meta":{"_joinchat":[]},"product_cat":[50,41],"product_tag":[],"_links":{"self":[{"href":"https:\/\/www.casa-padilla.com\/index.php\/wp-json\/wp\/v2\/product\/6196"}],"collection":[{"href":"https:\/\/www.casa-padilla.com\/index.php\/wp-json\/wp\/v2\/product"}],"about":[{"href":"https:\/\/www.casa-padilla.com\/index.php\/wp-json\/wp\/v2\/types\/product"}],"replies":[{"embeddable":true,"href":"https:\/\/www.casa-padilla.com\/index.php\/wp-json\/wp\/v2\/comments?post=6196"}],"wp:featuredmedia":[{"embeddable":true,"href":"https:\/\/www.casa-padilla.com\/index.php\/wp-json\/wp\/v2\/media\/6197"}],"wp:attachment":[{"href":"https:\/\/www.casa-padilla.com\/index.php\/wp-json\/wp\/v2\/media?parent=6196"}],"wp:term":[{"taxonomy":"product_cat","embeddable":true,"href":"https:\/\/www.casa-padilla.com\/index.php\/wp-json\/wp\/v2\/product_cat?post=6196"},{"taxonomy":"product_tag","embeddable":true,"href":"https:\/\/www.casa-padilla.com\/index.php\/wp-json\/wp\/v2\/product_tag?post=6196"}],"curies":[{"name":"wp","href":"https:\/\/api.w.org\/{rel}","templated":true}]}}