{"id":6210,"date":"2023-09-11T18:05:22","date_gmt":"2023-09-11T18:05:22","guid":{"rendered":"https:\/\/www.casa-padilla.com\/?post_type=product&#038;p=6210"},"modified":"2024-02-06T18:18:08","modified_gmt":"2024-02-06T18:18:08","slug":"goma-de-barra-estabilizadora-toyota-c-hr-delantera-17-22","status":"publish","type":"product","link":"https:\/\/www.casa-padilla.com\/index.php\/product\/goma-de-barra-estabilizadora-toyota-c-hr-delantera-17-22\/","title":{"rendered":"GOMA DE BARRA ESTABILIZADORA TOYOTA C-HR DELANTERA 17-22\u2019"},"content":{"rendered":"<p>GOMA DE BARRA ESTABILIZADORA TOYOTA C-HR<br \/>\nDELANTERA 17-22\u2019<\/p>\n<table>\n<tbody>\n<tr>\n<td width=\"114\"><strong>Di:<\/strong> 26.03mm<br \/>\n<strong>H:<\/strong> 45.09mm<\/td>\n<td width=\"108\"><strong>L:<\/strong> 41.90mm<br \/>\n<strong>An:<\/strong> 32.20mm<\/td>\n<\/tr>\n<\/tbody>\n<\/table>\n<table>\n<tbody>\n<tr>\n<td width=\"269\"><strong>Marca:<\/strong> TOYOTA | <strong>Modelo:\u00a0<\/strong>C-HR<\/p>\n<p><strong>Motor: <\/strong>&#8211; |\u00a0<strong>Litros:<\/strong>\u00a0&#8211;<\/p>\n<p><strong>Posici\u00f3n:<\/strong> DELANTERA<\/p>\n<p><strong>Especificaci\u00f3n: &#8211;<\/strong><\/p>\n<p><strong>A\u00f1o:<\/strong> 2017-2022<\/td>\n<\/tr>\n<\/tbody>\n<\/table>\n<table width=\"332\">\n<tbody>\n<tr>\n<td width=\"137\">BATOYCHRD22<\/td>\n<td width=\"97\">8739030<\/td>\n<td width=\"97\">61-605<\/td>\n<\/tr>\n<\/tbody>\n<\/table>\n<p>&nbsp;<\/p>\n","protected":false},"excerpt":{"rendered":"<p>GOMA DE BARRA ESTABILIZADORA TOYOTA C-HR DELANTERA 17-22\u2019 Di: 26.03mm H: 45.09mm L: 41.90mm An: 32.20mm Marca: TOYOTA | Modelo:\u00a0C-HR Motor: &#8211; |\u00a0Litros:\u00a0&#8211; Posici\u00f3n: DELANTERA Especificaci\u00f3n: &#8211; A\u00f1o: 2017-2022 BATOYCHRD22 8739030 61-605 &nbsp;<\/p>\n","protected":false},"featured_media":6211,"comment_status":"closed","ping_status":"closed","template":"","meta":{"_joinchat":[]},"product_cat":[50,41],"product_tag":[],"_links":{"self":[{"href":"https:\/\/www.casa-padilla.com\/index.php\/wp-json\/wp\/v2\/product\/6210"}],"collection":[{"href":"https:\/\/www.casa-padilla.com\/index.php\/wp-json\/wp\/v2\/product"}],"about":[{"href":"https:\/\/www.casa-padilla.com\/index.php\/wp-json\/wp\/v2\/types\/product"}],"replies":[{"embeddable":true,"href":"https:\/\/www.casa-padilla.com\/index.php\/wp-json\/wp\/v2\/comments?post=6210"}],"wp:featuredmedia":[{"embeddable":true,"href":"https:\/\/www.casa-padilla.com\/index.php\/wp-json\/wp\/v2\/media\/6211"}],"wp:attachment":[{"href":"https:\/\/www.casa-padilla.com\/index.php\/wp-json\/wp\/v2\/media?parent=6210"}],"wp:term":[{"taxonomy":"product_cat","embeddable":true,"href":"https:\/\/www.casa-padilla.com\/index.php\/wp-json\/wp\/v2\/product_cat?post=6210"},{"taxonomy":"product_tag","embeddable":true,"href":"https:\/\/www.casa-padilla.com\/index.php\/wp-json\/wp\/v2\/product_tag?post=6210"}],"curies":[{"name":"wp","href":"https:\/\/api.w.org\/{rel}","templated":true}]}}