{"id":6214,"date":"2023-09-11T18:19:47","date_gmt":"2023-09-11T18:19:47","guid":{"rendered":"https:\/\/www.casa-padilla.com\/?post_type=product&#038;p=6214"},"modified":"2024-02-06T18:32:27","modified_gmt":"2024-02-06T18:32:27","slug":"goma-de-barra-estabilizadora-toyota-corolla-cross-delantera-20-23","status":"publish","type":"product","link":"https:\/\/www.casa-padilla.com\/index.php\/product\/goma-de-barra-estabilizadora-toyota-corolla-cross-delantera-20-23\/","title":{"rendered":"GOMA DE BARRA ESTABILIZADORA TOYOTA COROLLA CROSS DELANTERA 20-23\u2019"},"content":{"rendered":"<p>GOMA DE BARRA ESTABILIZADORA TOYOTA COROLLA CROSS<br \/>\nDELANTERA 20-23\u2019<\/p>\n<table>\n<tbody>\n<tr>\n<td width=\"114\"><strong>Di:<\/strong> 24.50mm<br \/>\n<strong>H:<\/strong> 46.00mm<\/td>\n<td width=\"108\"><strong>L:<\/strong> 48.40mm<br \/>\n<strong>An:<\/strong> 33.41mm<\/td>\n<\/tr>\n<\/tbody>\n<\/table>\n<table>\n<tbody>\n<tr>\n<td width=\"269\"><strong>Marca:<\/strong> TOYOTA | <strong>Modelo: <\/strong>COROLLA CROSS<\/p>\n<p><strong>Motor: <\/strong>&#8211; |\u00a0<strong>Litros:<\/strong>\u00a0&#8211;<\/p>\n<p><strong>Posici\u00f3n:<\/strong> DELANTERA<\/p>\n<p><strong>Especificaci\u00f3n: &#8211;<\/strong><\/p>\n<p><strong>A\u00f1o:<\/strong> 2020-2023<\/td>\n<\/tr>\n<\/tbody>\n<\/table>\n<table width=\"235\">\n<tbody>\n<tr>\n<td width=\"137\">BACORCD22<\/td>\n<td width=\"97\">8739034<\/td>\n<\/tr>\n<\/tbody>\n<\/table>\n<p>&nbsp;<\/p>\n<p>&nbsp;<\/p>\n","protected":false},"excerpt":{"rendered":"<p>GOMA DE BARRA ESTABILIZADORA TOYOTA COROLLA CROSS DELANTERA 20-23\u2019 Di: 24.50mm H: 46.00mm L: 48.40mm An: 33.41mm Marca: TOYOTA | Modelo: COROLLA CROSS Motor: &#8211; |\u00a0Litros:\u00a0&#8211; Posici\u00f3n: DELANTERA Especificaci\u00f3n: &#8211; A\u00f1o: 2020-2023 BACORCD22 8739034 &nbsp; &nbsp;<\/p>\n","protected":false},"featured_media":6215,"comment_status":"closed","ping_status":"closed","template":"","meta":{"_joinchat":[]},"product_cat":[50,41],"product_tag":[],"_links":{"self":[{"href":"https:\/\/www.casa-padilla.com\/index.php\/wp-json\/wp\/v2\/product\/6214"}],"collection":[{"href":"https:\/\/www.casa-padilla.com\/index.php\/wp-json\/wp\/v2\/product"}],"about":[{"href":"https:\/\/www.casa-padilla.com\/index.php\/wp-json\/wp\/v2\/types\/product"}],"replies":[{"embeddable":true,"href":"https:\/\/www.casa-padilla.com\/index.php\/wp-json\/wp\/v2\/comments?post=6214"}],"wp:featuredmedia":[{"embeddable":true,"href":"https:\/\/www.casa-padilla.com\/index.php\/wp-json\/wp\/v2\/media\/6215"}],"wp:attachment":[{"href":"https:\/\/www.casa-padilla.com\/index.php\/wp-json\/wp\/v2\/media?parent=6214"}],"wp:term":[{"taxonomy":"product_cat","embeddable":true,"href":"https:\/\/www.casa-padilla.com\/index.php\/wp-json\/wp\/v2\/product_cat?post=6214"},{"taxonomy":"product_tag","embeddable":true,"href":"https:\/\/www.casa-padilla.com\/index.php\/wp-json\/wp\/v2\/product_tag?post=6214"}],"curies":[{"name":"wp","href":"https:\/\/api.w.org\/{rel}","templated":true}]}}