{"id":6222,"date":"2023-09-11T18:33:28","date_gmt":"2023-09-11T18:33:28","guid":{"rendered":"https:\/\/www.casa-padilla.com\/?post_type=product&#038;p=6222"},"modified":"2024-02-06T18:20:09","modified_gmt":"2024-02-06T18:20:09","slug":"goma-de-barra-estabilizadora-isuzu-kb-trooper-delantera-72-02","status":"publish","type":"product","link":"https:\/\/www.casa-padilla.com\/index.php\/product\/goma-de-barra-estabilizadora-isuzu-kb-trooper-delantera-72-02\/","title":{"rendered":"GOMA DE BARRA ESTABILIZADORA ISUZU KB, TROOPER DELANTERA 72-02\u2019"},"content":{"rendered":"<p>GOMA DE BARRA ESTABILIZADORA ISUZU KB, TROOPER<br \/>\nDELANTERA 72-02\u2019<\/p>\n<table>\n<tbody>\n<tr>\n<td width=\"114\"><strong>Di:<\/strong> 25.09mm<br \/>\n<strong>H:<\/strong> 34.27mm<\/td>\n<td width=\"108\"><strong>L:<\/strong> 41.87mm<br \/>\n<strong>An:<\/strong> 32.34mm<\/td>\n<\/tr>\n<\/tbody>\n<\/table>\n<table>\n<tbody>\n<tr>\n<td width=\"269\"><strong>Marca:<\/strong> ISUZU | <strong>Modelo: <\/strong>KB<\/p>\n<p><strong>Motor: <\/strong>&#8211; |\u00a0<strong>Litros:<\/strong>\u00a0&#8211;<\/p>\n<p><strong>Posici\u00f3n:<\/strong> DELANTERA<\/p>\n<p><strong>Especificaci\u00f3n: &#8211;<\/strong><\/p>\n<p><strong>A\u00f1o:<\/strong> 1972-2002<\/td>\n<\/tr>\n<\/tbody>\n<\/table>\n<p style=\"text-align: center;\"><span style=\"color: #ff6600;\"><strong>APLICACIONES<\/strong><\/span><\/p>\n<table>\n<tbody>\n<tr>\n<td width=\"269\"><strong>Marca:<\/strong> ISUZU | <strong>Modelo: <\/strong>TROOPER<\/p>\n<p><strong>Motor: <\/strong>&#8211; |\u00a0<strong>Litros:<\/strong>\u00a0&#8211;<\/p>\n<p><strong>Posici\u00f3n:<\/strong> DELANTERA<\/p>\n<p><strong>Especificaci\u00f3n: &#8211;<\/strong><\/p>\n<p><strong>A\u00f1o:<\/strong> 1972-2002<\/td>\n<\/tr>\n<\/tbody>\n<\/table>\n<table width=\"235\">\n<tbody>\n<tr>\n<td width=\"137\">BAISUKBTRD02<\/td>\n<td width=\"97\">8941433210<\/td>\n<\/tr>\n<\/tbody>\n<\/table>\n<p>&nbsp;<\/p>\n","protected":false},"excerpt":{"rendered":"<p>GOMA DE BARRA ESTABILIZADORA ISUZU KB, TROOPER DELANTERA 72-02\u2019 Di: 25.09mm H: 34.27mm L: 41.87mm An: 32.34mm Marca: ISUZU | Modelo: KB Motor: &#8211; |\u00a0Litros:\u00a0&#8211; Posici\u00f3n: DELANTERA Especificaci\u00f3n: &#8211; A\u00f1o: 1972-2002 APLICACIONES Marca: ISUZU | Modelo: TROOPER Motor: &#8211; |\u00a0Litros:\u00a0&#8211; Posici\u00f3n: DELANTERA Especificaci\u00f3n: &#8211; A\u00f1o: 1972-2002 BAISUKBTRD02 8941433210 &nbsp;<\/p>\n","protected":false},"featured_media":6223,"comment_status":"closed","ping_status":"closed","template":"","meta":{"_joinchat":[]},"product_cat":[50,41],"product_tag":[],"_links":{"self":[{"href":"https:\/\/www.casa-padilla.com\/index.php\/wp-json\/wp\/v2\/product\/6222"}],"collection":[{"href":"https:\/\/www.casa-padilla.com\/index.php\/wp-json\/wp\/v2\/product"}],"about":[{"href":"https:\/\/www.casa-padilla.com\/index.php\/wp-json\/wp\/v2\/types\/product"}],"replies":[{"embeddable":true,"href":"https:\/\/www.casa-padilla.com\/index.php\/wp-json\/wp\/v2\/comments?post=6222"}],"wp:featuredmedia":[{"embeddable":true,"href":"https:\/\/www.casa-padilla.com\/index.php\/wp-json\/wp\/v2\/media\/6223"}],"wp:attachment":[{"href":"https:\/\/www.casa-padilla.com\/index.php\/wp-json\/wp\/v2\/media?parent=6222"}],"wp:term":[{"taxonomy":"product_cat","embeddable":true,"href":"https:\/\/www.casa-padilla.com\/index.php\/wp-json\/wp\/v2\/product_cat?post=6222"},{"taxonomy":"product_tag","embeddable":true,"href":"https:\/\/www.casa-padilla.com\/index.php\/wp-json\/wp\/v2\/product_tag?post=6222"}],"curies":[{"name":"wp","href":"https:\/\/api.w.org\/{rel}","templated":true}]}}