{"id":6228,"date":"2023-09-11T19:09:44","date_gmt":"2023-09-11T19:09:44","guid":{"rendered":"https:\/\/www.casa-padilla.com\/?post_type=product&#038;p=6228"},"modified":"2024-02-06T18:29:56","modified_gmt":"2024-02-06T18:29:56","slug":"goma-de-barra-estabilizadora-volkswagen-passat-delantera-12-22","status":"publish","type":"product","link":"https:\/\/www.casa-padilla.com\/index.php\/product\/goma-de-barra-estabilizadora-volkswagen-passat-delantera-12-22\/","title":{"rendered":"GOMA DE BARRA ESTABILIZADORA VOLKSWAGEN PASSAT DELANTERA 12-22\u2019"},"content":{"rendered":"<p>GOMA DE BARRA ESTABILIZADORA VOLKSWAGEN PASSAT<br \/>\nDELANTERA 12-22\u2019<\/p>\n<table>\n<tbody>\n<tr>\n<td width=\"114\"><strong>Di:<\/strong> 20.59mm<br \/>\n<strong>H:<\/strong> 46.00mm<\/td>\n<td width=\"108\"><strong>L:<\/strong> 31.13mm<br \/>\n<strong>An:<\/strong> 45.46mm<\/td>\n<\/tr>\n<\/tbody>\n<\/table>\n<table>\n<tbody>\n<tr>\n<td width=\"269\"><strong>Marca:<\/strong> VOLKSWAGEN | <strong>Modelo: <\/strong>PASSAT<\/p>\n<p><strong>Motor: <\/strong>&#8211; |\u00a0<strong>Litros:<\/strong>\u00a0&#8211;<\/p>\n<p><strong>Posici\u00f3n:<\/strong> DELANTERA<\/p>\n<p><strong>Especificaci\u00f3n: &#8211;<\/strong><\/p>\n<p><strong>A\u00f1o:<\/strong> 2012-2022<\/td>\n<\/tr>\n<\/tbody>\n<\/table>\n<p style=\"text-align: center;\"><strong><span style=\"color: #ff6600;\">APLICACIONES<\/span><\/strong><\/p>\n<table>\n<tbody>\n<tr>\n<td width=\"269\"><strong>Marca:<\/strong> VOLKSWAGEN | <strong>Modelo: <\/strong>JETTA A7<\/p>\n<p><strong>Motor: <\/strong>&#8211; |\u00a0<strong>Litros:<\/strong>\u00a0&#8211;<\/p>\n<p><strong>Posici\u00f3n:<\/strong> DELANTERA<\/p>\n<p><strong>Especificaci\u00f3n: &#8211;<\/strong><\/p>\n<p><strong>A\u00f1o:<\/strong> 2015-2018<\/td>\n<\/tr>\n<\/tbody>\n<\/table>\n<table width=\"371\">\n<tbody>\n<tr>\n<td width=\"137\">BAPASSD22<\/td>\n<td width=\"136\">9339025<\/td>\n<td width=\"97\">9339028<\/td>\n<\/tr>\n<\/tbody>\n<\/table>\n<p>&nbsp;<\/p>\n","protected":false},"excerpt":{"rendered":"<p>GOMA DE BARRA ESTABILIZADORA VOLKSWAGEN PASSAT DELANTERA 12-22\u2019 Di: 20.59mm H: 46.00mm L: 31.13mm An: 45.46mm Marca: VOLKSWAGEN | Modelo: PASSAT Motor: &#8211; |\u00a0Litros:\u00a0&#8211; Posici\u00f3n: DELANTERA Especificaci\u00f3n: &#8211; A\u00f1o: 2012-2022 APLICACIONES Marca: VOLKSWAGEN | Modelo: JETTA A7 Motor: &#8211; |\u00a0Litros:\u00a0&#8211; Posici\u00f3n: DELANTERA Especificaci\u00f3n: &#8211; A\u00f1o: 2015-2018 BAPASSD22 9339025 9339028 &nbsp;<\/p>\n","protected":false},"featured_media":6231,"comment_status":"closed","ping_status":"closed","template":"","meta":{"_joinchat":[]},"product_cat":[50,41],"product_tag":[],"_links":{"self":[{"href":"https:\/\/www.casa-padilla.com\/index.php\/wp-json\/wp\/v2\/product\/6228"}],"collection":[{"href":"https:\/\/www.casa-padilla.com\/index.php\/wp-json\/wp\/v2\/product"}],"about":[{"href":"https:\/\/www.casa-padilla.com\/index.php\/wp-json\/wp\/v2\/types\/product"}],"replies":[{"embeddable":true,"href":"https:\/\/www.casa-padilla.com\/index.php\/wp-json\/wp\/v2\/comments?post=6228"}],"wp:featuredmedia":[{"embeddable":true,"href":"https:\/\/www.casa-padilla.com\/index.php\/wp-json\/wp\/v2\/media\/6231"}],"wp:attachment":[{"href":"https:\/\/www.casa-padilla.com\/index.php\/wp-json\/wp\/v2\/media?parent=6228"}],"wp:term":[{"taxonomy":"product_cat","embeddable":true,"href":"https:\/\/www.casa-padilla.com\/index.php\/wp-json\/wp\/v2\/product_cat?post=6228"},{"taxonomy":"product_tag","embeddable":true,"href":"https:\/\/www.casa-padilla.com\/index.php\/wp-json\/wp\/v2\/product_tag?post=6228"}],"curies":[{"name":"wp","href":"https:\/\/api.w.org\/{rel}","templated":true}]}}